{"id":30,"date":"2025-07-23T18:51:18","date_gmt":"2025-07-23T18:51:18","guid":{"rendered":"http:\/\/www.hbys.web.tr\/?page_id=30"},"modified":"2025-07-23T20:00:36","modified_gmt":"2025-07-23T20:00:36","slug":"iletisim","status":"publish","type":"page","link":"http:\/\/www.hbys.web.tr\/?page_id=30","title":{"rendered":"\u0130leti\u015fim"},"content":{"rendered":"\n<h2 class=\"wp-block-heading\"><strong>Healthy HBYS<\/strong><\/h2>\n\n\n\n<p><strong>\u0130brahim KAZANCI<\/strong><\/p>\n\n\n\n<p><strong>Muhammet LEMAHMUTO\u011eLU &#8211; Tek Stil Yaz\u0131l\u0131m Donan\u0131m ve Dan\u0131\u015fmanl\u0131k Hizmetleri<\/strong><\/p>\n\n\n\n<p><strong>Yalova Yolu 4. km. Buttim \u0130\u015f Merkezi<br>D\u00a0Blok\u00a0Kat-5 No: 1539\u00a0 OSMANGAZ\u0130 \/ BURSA<\/strong><\/p>\n\n\n\n<p><strong><a href=\"https:\/\/htmlcleanup.com\/undefined\/\">www.hbys.web.tr<\/a><\/strong><\/p>\n\n\n\n<p><strong>EPOSTA:<br><a href=\"mailto:bilgi@hbys.web.tr\">bilgi@hbys.web.tr<\/a><\/strong><\/p>\n\n\n\n<p><strong>TEL:<br><\/strong>+90\u00a0<strong>505 376 54 02<\/strong><\/p>\n\n\n\n<p><a href=\"http:\/\/www.facebook.com\/profile.php?id=563871455#%21\/home.php?sk=group_110170872385776&amp;ap=1\" target=\"_blank\" rel=\"noreferrer noopener\"><strong>Facebook<\/strong><strong>&nbsp;Grubu<\/strong><\/a><\/p>\n\n\n\n<p><a href=\"https:\/\/www.linkedin.com\/company\/healthy-hbys-healthy-osgb\" target=\"_blank\" rel=\"noreferrer noopener\"><strong>LinkedIn Profili<\/strong><\/a><\/p>\n","protected":false},"excerpt":{"rendered":"<p>Healthy HBYS \u0130brahim KAZANCI Muhammet LEMAHMUTO\u011eLU &#8211; Tek Stil Yaz\u0131l\u0131m Donan\u0131m ve Dan\u0131\u015fmanl\u0131k Hizmetleri Yalova Yolu 4. km. Buttim \u0130\u015f MerkeziD\u00a0Blok\u00a0Kat-5 No: 1539\u00a0 OSMANGAZ\u0130 \/ BURSA www.hbys.web.tr EPOSTA:bilgi@hbys.web.tr TEL:+90\u00a0505 376 54 02 Facebook&nbsp;Grubu LinkedIn Profili<\/p>\n","protected":false},"author":1,"featured_media":0,"parent":0,"menu_order":4,"comment_status":"closed","ping_status":"closed","template":"","meta":{"footnotes":""},"class_list":["post-30","page","type-page","status-publish","hentry"],"_links":{"self":[{"href":"http:\/\/www.hbys.web.tr\/index.php?rest_route=\/wp\/v2\/pages\/30","targetHints":{"allow":["GET"]}}],"collection":[{"href":"http:\/\/www.hbys.web.tr\/index.php?rest_route=\/wp\/v2\/pages"}],"about":[{"href":"http:\/\/www.hbys.web.tr\/index.php?rest_route=\/wp\/v2\/types\/page"}],"author":[{"embeddable":true,"href":"http:\/\/www.hbys.web.tr\/index.php?rest_route=\/wp\/v2\/users\/1"}],"replies":[{"embeddable":true,"href":"http:\/\/www.hbys.web.tr\/index.php?rest_route=%2Fwp%2Fv2%2Fcomments&post=30"}],"version-history":[{"count":5,"href":"http:\/\/www.hbys.web.tr\/index.php?rest_route=\/wp\/v2\/pages\/30\/revisions"}],"predecessor-version":[{"id":35,"href":"http:\/\/www.hbys.web.tr\/index.php?rest_route=\/wp\/v2\/pages\/30\/revisions\/35"}],"wp:attachment":[{"href":"http:\/\/www.hbys.web.tr\/index.php?rest_route=%2Fwp%2Fv2%2Fmedia&parent=30"}],"curies":[{"name":"wp","href":"https:\/\/api.w.org\/{rel}","templated":true}]}}